983 divide 1085974086?
True
Is 29578941 a multiple of 4?
False
Is 17 a factor of 9461486?
True
Is 44466089 a multiple of 31?
False
Is 8559667 a multiple of 435?
False
Is 980 a factor of 7660660?
True
Is 10 a factor of 40885740?
True
Does 74 divide 122148914?
True
Does 10 divide 29710506?
False
Does 282 divide 383462690?
False
Is 16 a factor of 5164893188?
False
Does 1174 divide 32577326?
True
Does 146 divide 137210216?
True
Does 146 divide 2695014?
True
Does 46 divide 48743582?
False
Is 77400682 a multiple of 126?
False
Does 2 divide 1478467?
False
Is 3 a factor of 3459561?
True
Does 1162 divide 42502474?
True
Does 366 divide 302701405?
False
Is 676592910 a multiple of 12770?
True
Is 188128956 a multiple of 57?
True
Is 5858723360 a multiple of 224?
True
Is 7262528 a multiple of 277?
False
Is 2938223361 a multiple of 426?
False
Is 186 a factor of 4036381?
False
Is 1661 a factor of 31442730?
True
Is 6022973306 a multiple of 67?
False
Is 133808078 a multiple of 439?
True
Is 10 a factor of 83488494?
False
Is 252 a factor of 7053228?
True
Is 1269644558 a multiple of 658?
True
Does 115 divide 3686621930?
True
Does 97 divide 249833?
False
Does 468 divide 2058310467?
False
Does 155 divide 698451180?
False
Is 20960464 a multiple of 138?
False
Is 165611788 a multiple of 124?
False
Is 40163170 a multiple of 143?
False
Is 186636139 a multiple of 7?
False
Does 151 divide 125914186?
False
Is 429 a factor of 141592768?
False
Does 16 divide 3949907264?
True
Does 37 divide 2438257857?
True
Is 110 a factor of 33541148?
False
Does 18 divide 131843304?
True
Is 5 a factor of 3311849?
False
Is 403771230 a multiple of 147?
False
Is 33304986 a multiple of 3762?
True
Is 7 a factor of 96945567?
False
Does 539 divide 117485291?
True
Is 3926 a factor of 1703664144?
True
Is 15804855 a multiple of 343?
False
Is 875639250 a multiple of 75?
True
Is 82 a factor of 120464913?
False
Is 53537296 a multiple of 251?
True
Is 105 a factor of 3056164545?
True
Is 1435 a factor of 1499718115?
False
Is 4 a factor of 124167837?
False
Is 1201498139 a multiple of 446?
False
Is 13 a factor of 38571507?
True
Does 2777 divide 36273174?
True
Does 23 divide 81853977?
False
Does 325 divide 127709681?
False
Is 71868207 a multiple of 10?
False
Is 1075379166 a multiple of 306?
True
Does 1025 divide 1301969573?
False
Does 1556 divide 55314841?
False
Does 335 divide 3261024670?
True
Is 156853604 a multiple of 374?
False
Is 547 a factor of 152430302?
True
Does 36 divide 3114348412?
False
Does 5481 divide 157100895?
False
Is 830395226 a multiple of 5?
False
Is 372 a factor of 361556945?
False
Does 758 divide 289383176?
True
Is 116 a factor of 153076819?
False
Is 327046439 a multiple of 10?
False
Is 64650548 a multiple of 236?
True
Does 344 divide 41294448?
True
Is 120785660 a multiple of 21?
False
Is 5287 a factor of 2175947620?
False
Is 11 a factor of 50689270?
False
Does 4016 divide 521802896?
True
Does 489 divide 27322200?
False
Does 8 divide 701534128?
True
Is 2 a factor of 123141778?
True
Is 54 a factor of 206513334?
True
Is 1042093451 a multiple of 15?
False
Does 25 divide 32142800?
True
Is 347 a factor of 11511677?
False
Does 6 divide 3219039?
False
Is 82 a factor of 88797711?
False
Is 61 a factor of 866146270?
False
Is 26 a factor of 22026764?
False
Is 695788049 a multiple of 18?
False
Is 267 a factor of 835417635?
True
Does 595 divide 1488116776?
False
Is 136779440 a multiple of 1735?
False
Is 57 a factor of 45496887?
True
Does 58 divide 72635138?
False
Is 692 a factor of 91095167?
False
Is 85869375 a multiple of 102?
False
Is 1090833442 a multiple of 908?
False
Does 29 divide 10840760?
False
Is 7 a factor of 2204839?
True
Is 1879274509 a multiple of 49?
True
Is 108410456 a multiple of 11?
True
Is 678412546 a multiple of 2022?
False
Is 3572930592 a multiple of 1089?
True
Is 12 a factor of 33405684?
True
Is 2032245 a multiple of 19?
False
Is 106 a factor of 51258043?
False
Does 260 divide 1384805760?
True
Is 37972791 a multiple of 63?
False
Is 197 a factor of 56895767?
True
Is 21 a factor of 407180853?
False
Is 21 a factor of 98491876?
False
Is 2372243450 a multiple of 135?
False
Is 25144387 a multiple of 1796?
False
Does 30 divide 5124960?
True
Is 1067243 even?
False
Does 91 divide 378930287?
False
Is 86336900 a multiple of 1300?
True
Does 8 divide 1702708?
False
Is 25 a factor of 577498330?
False
Is 49 a factor of 22554700?
True
Is 10991 a factor of 4874464536?
True
Is 673124946 a multiple of 78?
True
Is 6714 a factor of 5505610701?
False
Is 47947863 a multiple of 7?
False
Does 1692 divide 255132885?
False
Is 5 a factor of 1816767525?
True
Does 1746 divide 234599544?
True
Is 78579580 a multiple of 2207?
False
Does 1805 divide 412758375?
True
Is 759628531 a multiple of 302?
False
Is 110 a factor of 2139390?
True
Is 2892047 a multiple of 19?
True
Is 149 a factor of 3255492525?
False
Is 17 a factor of 3121321295?
True
Does 90 divide 462279060?
True
Does 10 divide 204256950?
True
Is 2991 a factor of 19339806?
True
Is 37271360 a multiple of 320?
True
Is 2809501093 a multiple of 4091?
False
Is 14365440 a multiple of 71?
False
Is 808 a factor of 983365478?
False
Is 26 a factor of 21575112?
True
Is 22 a factor of 1861725897?
False
Does 231 divide 387618?
True
Is 579160558 a multiple of 381?
False
Is 12 a factor of 226690212?
True
Is 37 a factor of 747273358?
False
Is 270 a factor of 119143641?
False
Is 1496687034 a multiple of 57?
False
Is 333598293 a multiple of 26?
False
Is 24 a factor of 79584634?
False
Does 144 divide 29624908?
False
Is 327091185 a multiple of 179?
False
Is 911449903 a multiple of 959?
True
Is 23633351 a multiple of 1267?
True
Does 61 divide 107411423?
True
Is 4732748 a multiple of 38?
True
Does 575 divide 18098125?
True
Does 1287 divide 300085929?
True
Is 301 a factor of 1376385794?
False
Is 2209928767 a multiple of 419?
True
Is 162 a factor of 421686?
True
Does 16 divide 9121088?
True
Does 106 divide 3057633617?
False
Is 339336876 a multiple of 14?
False
Does 676 divide 193252656?
False
Does 267 divide 53654099?
False
Is 9082752 a multiple of 651?
True
Is 1272807681 a multiple of 1399?
False
Does 48 divide 173827226?
False
Is 114983994 a multiple of 194?
True
Does 4 divide 15339530?
False
Is 755995149 a multiple of 497?
True
Is 61 a factor of 3159922?
True
Is 22 a factor of 502243610?
True
Is 52 a factor of 603772814?
False
Is 38 a factor of 738670?
False
Is 271080584 a multiple of 376?
True
Is 252715439 a multiple of 176?
False
Is 3532 a factor of 720800965?
False
Is 65464748 a multiple of 43?
True
Does 54 divide 10911726?
True
Is 131 a factor of 189791752?
True
Does 64 divide 1422015168?
True
Is 98100598 a multiple of 59?
True
Is 34 a factor of 24197358?
True
Does 16 divide 791511392?
True
Does 192 divide 3913912400?
False
Does 1202 divide 61299763?
False
Is 496730329 a multiple of 9?
False
Is 174 a factor of 302088534?
True
Is 89412946 a multiple of 29?
False
Is 326207344 a multiple of 23?
True
Is 404823601 a multiple of 151?
True
Is 9345952 a multiple of 8?
True
Does 21 divide 47043794?
False
Does 514 divide 28479712?
True
Does 958 divide 9945956?
True
Does 406 divide 14893704?
True
Is 819 a factor of 6786614?
False
Does 4042 divide 2173807810?
True
Is 26856681 a multiple of 1973?
False
Is 438682110 a multiple of 122?
True
Is 74612787 a multiple of 3376?
False
Does 4200 divide 597811200?
True
Is 1174 a factor of 3286844563?
False
Does 6 divide 917508264?
True
Does 1229 divide 20572231?
True
Does 5 divide 125386320?
True
Is 15 a factor of 921017703?
False
Does 243 divide 2750902245?
False
Does 58 divide 17208310?
True
Is 38 a factor of 6865992?
True
Is 121 a factor of 1505950183?
False
Is 31465980 a multiple of 35?
True
Is 25915146 a multiple of 254?
False
Is 42953248 a multiple of 316?
True
Is 162170658 a multiple of 18?
True
Is 2575 a factor of 295361032?
False
Is 16204986 a multiple of 114?
True
Is 35 a factor of 150697735?
False
Is 251 a factor of 957947552?
False
Is 84 a factor of 2123940168?
True
Is 528 a factor of 4629504?
True
Does 10 divide 141362320?
True
Is 85290321 a multiple of 13?
False
Is 31 a factor of 1493798488?
True
Is 4539 a factor of 299217703?
False
Is 677640716 a multiple of 5657?
True
Is 19 a factor of 1021706?
True
Is 223192532 a multiple of 43?